8551310?
5
What is the hundred thousands digit of 46249444?
2
What is the thousands digit of 16062026?
2
What is the tens digit of 30820933?
3
What is the units digit of 829139784?
4
What is the thousands digit of 783918772?
8
What is the units digit of 3634422368?
8
What is the ten thousands digit of 23149367?
4
What is the units digit of 463223937?
7
What is the hundreds digit of 178544157?
1
What is the ten thousands digit of 45086391?
8
What is the ten millions digit of 720117834?
2
What is the millions digit of 124862382?
4
What is the hundred millions digit of 6845888924?
8
What is the ten thousands digit of 45361231?
6
What is the hundred thousands digit of 237453337?
4
What is the thousands digit of 293621492?
1
What is the ten thousands digit of 60577932?
7
What is the units digit of 612870872?
2
What is the hundreds digit of 42462773?
7
What is the millions digit of 42539491?
2
What is the ten thousands digit of 836029548?
2
What is the units digit of 818474015?
5
What is the hundreds digit of 45864857?
8
What is the hundred thousands digit of 4150155720?
1
What is the thousands digit of 129483958?
3
What is the ten thousands digit of 1277446266?
4
What is the hundreds digit of 160505586?
5
What is the ten thousands digit of 338412261?
1
What is the ten millions digit of 2610898548?
1
What is the millions digit of 45882391?
5
What is the millions digit of 113844975?
3
What is the hundred millions digit of 596026096?
5
What is the ten thousands digit of 38918840?
1
What is the ten thousands digit of 621515879?
1
What is the billions digit of 1838485087?
1
What is the units digit of 103055636?
6
What is the thousands digit of 108743689?
3
What is the ten thousands digit of 43903423?
0
What is the ten thousands digit of 35617178?
1
What is the thousands digit of 5958298?
8
What is the ten millions digit of 12002223?
1
What is the millions digit of 907532221?
7
What is the hundreds digit of 618722?
7
What is the hundred thousands digit of 6852910908?
9
What is the hundred millions digit of 443662838?
4
What is the ten thousands digit of 38930193?
3
What is the thousands digit of 1695687131?
7
What is the units digit of 1166508231?
1
What is the ten millions digit of 27079666?
2
What is the ten thousands digit of 716802084?
0
What is the hundreds digit of 94473042?
0
What is the ten millions digit of 114528024?
1
What is the hundreds digit of 258120854?
8
What is the millions digit of 1416631085?
6
What is the units digit of 2287923540?
0
What is the hundred millions digit of 970935233?
9
What is the millions digit of 489390264?
9
What is the ten thousands digit of 345903766?
0
What is the units digit of 110903486?
6
What is the thousands digit of 125694390?
4
What is the millions digit of 40552010?
0
What is the tens digit of 2934045?
4
What is the thousands digit of 1098158429?
8
What is the thousands digit of 149921542?
1
What is the ten millions digit of 5875172112?
7
What is the ten millions digit of 60979782?
6
What is the millions digit of 50813994?
0
What is the hundred thousands digit of 471721496?
7
What is the thousands digit of 60591709?
1
What is the tens digit of 705570292?
9
What is the hundred millions digit of 753448352?
7
What is the hundred thousands digit of 2291979932?
9
What is the hundred millions digit of 976660874?
9
What is the units digit of 55942199?
9
What is the ten thousands digit of 224583703?
8
What is the tens digit of 22813385?
8
What is the tens digit of 23440927?
2
What is the hundreds digit of 1350112607?
6
What is the hundreds digit of 850469753?
7
What is the hundred millions digit of 549458160?
5
What is the units digit of 36251976?
6
What is the tens digit of 906331339?
3
What is the hundreds digit of 43974461?
4
What is the hundred thousands digit of 2204762724?
7
What is the units digit of 1098061385?
5
What is the thousands digit of 1999894016?
4
What is the millions digit of 220277286?
0
What is the millions digit of 6877356?
6
What is the units digit of 217071770?
0
What is the units digit of 208318772?
2
What is the thousands digit of 80365378?
5
What is the tens digit of 593610147?
4
What is the hundred millions digit of 755376935?
7
What is the tens digit of 367623161?
6
What is the millions digit of 1066424475?
6
What is the ten millions digit of 89527857?
8
What is the thousands digit of 326828715?
8
What is the tens digit of 526512714?
1
What is the ten thousands digit of 5036727?
3
What is the millions digit of 2718955378?
8
What is the ten thousands digit of 140973964?
7
What is the thousands digit of 3176225550?
5
What is the millions digit of 20651443?
0
What is the thousands digit of 66263378?
3
What is the ten thousands digit of 3210310666?
1
What is the units digit of 79726449?
9
What is the units digit of 52609196?
6
What is the tens digit of 1113989028?
2
What is the billions digit of 1373759260?
1
What is the ten thousands digit of 1272024791?
2
What is the hundred thousands digit of 18475142?
4
What is the hundred thousands digit of 361308369?
3
What is the hundred thousands digit of 5705178812?
1
What is the hundreds digit of 286544260?
2
What is the millions digit of 3346400963?
6
What is the hundreds digit of 146353240?
2
What is the hundreds digit of 311232154?
1
What is the ten thousands digit of 3324769438?
6
What is the hundreds digit of 25087749?
7
What is the tens digit of 7250933307?
0
What is the millions digit of 631789202?
1
What is the tens digit of 510189697?
9
What is the thousands digit of 246808379?
8
What is the hundred millions digit of 374029848?
3
What is the ten thousands digit of 353978295?
7
What is the thousands digit of 170665325?
5
What is the hundreds digit of 5032463804?
8
What is the units digit of 189549362?
2
What is the millions digit of 1098685664?
8
What is the tens digit of 187905770?
7
What is the units digit of 3230489991?
1
What is the ten thousands digit of 88626155?
2
What is the hundred millions digit of 430278651?
4
What is the millions digit of 407621185?
7
What is the ten millions digit of 263599913?
6
What is the ten millions digit of 102308687?
0
What is the billions digit of 1214708192?
1
What is the tens digit of 198834285?
8
What is the ten millions digit of 1115319759?
1
What is the hundred millions digit of 255581658?
2
What is the ten millions digit of 68469834?
6
What is the tens digit of 201987794?
9
What is the millions digit of 54119742?
4
What is the thousands digit of 117519730?
9
What is the units digit of 1164130520?
0
What is the billions digit of 1449303785?
1
What is the ten thousands digit of 76391883?
9
What is the tens digit of 287595937?
3
What is the tens digit of 2433409398?
9
What is the millions digit of 2624435718?
4
What is the ten millions digit of 12674505?
1
What is the tens digit of 41555917?
1
What is the hundreds digit of 21017326?
3
What is the tens digit of 79503123?
2
What is the hundred millions digit of 307605814?
3
What is the units digit of 717193987?
7
What is the tens digit of 1454207645?
4
What is the hundred thousands digit of 35688888?
6
What is the millions digit of 1897342150?
7
What is the hundreds digit of 155218516?
5
What is the units digit of 110018559?
9
What is the ten millions digit of 2220909350?
2
What is the units digit of 90934116?
6
What is the ten millions digit of 64866577?
6
What is the thousands digit of 173404507?
4
What is the units digit of 259132005?
5
What is the thousands digit of 1799528658?
8
What is the thousands digit of 277560785?
0
What is the hundred thousands digit of 10055127?
0
What is the ten millions digit of 45889203?
4
What is the ten millions digit of 84310789?
8
What is the hundred thousands digit of 864714631?
7
What is the millions digit of 38914919?
8
What is the tens digit of 1736129626?
2
What is the hundred thousands digit of 61766137?
7
What is the hundreds digit of 118377156?
1
What is the hundreds digit of 8192691749?
7
What is the tens digit of 12884744?
4
What is the hundred thousands digit of 231079881?
0
What is the hundred thousands digit of 4297996?
2
What is the units digit of 987796638?
8
What is the hundred thousands digit of 657714945?
7
What is the ten thousands digit of 37792736?
9
What is the tens digit of 64721804?
0